44.
22
Let b(d) = d + 12. Let r be -6 - ((-6)/(-48) + (-17)/8). Let m be b(r). Suppose 0 = -q - 24 + 88. Calculate the highest common divisor of m and q.
8
Let n be 931/63 + 2/(-18)*-2. Suppose r - 7 = n. Calculate the highest common divisor of 77 and r.
11
Suppose 3*s + 124 = 4*p, -4*p + 98 = s - 10. Let x be 6*(-4 + -31)*2/(-5). What is the highest common factor of x and p?
28
Suppose y + y - 12 = 0. Let j = 405 + -357. What is the greatest common divisor of j and y?
6
Let x(q) = 2*q**2 + 5*q - 61. Let f be x(5). Calculate the greatest common factor of 518 and f.
14
Let o(d) = -29*d + 23. Let n be o(-13). Calculate the highest common divisor of n and 8.
8
Let t be 2/10 - (-299)/5. Suppose 203 = 5*k - 3*b, 3*b - 197 = -2*k - 3*k. Calculate the greatest common factor of k and t.
20
Suppose 8*l - 8 = 10*l, -2*g - 5*l + 34 = 0. What is the greatest common divisor of g and 144?
9
Suppose 0*f + 82 = 5*f + 4*p, -37 = -2*f - 3*p. Let h = -209 + 335. Calculate the highest common divisor of h and f.
14
Let d(q) = 5*q**2 - 2*q - 1. Let v be d(2). Let y = -13 + v. Suppose 57 = y*l + 13. What is the greatest common divisor of 2 and l?
2
Let g = 17 + -5. Suppose -z - z = -264. What is the greatest common divisor of z and g?
12
Let n(t) be the second derivative of 8*t + 0 + 1/6*t**3 - 5*t**2 + 1/12*t**4. Let y be n(-7). What is the greatest common factor of y and 8?
8
Suppose 37*z - 384 = 1244. Let a(r) = r**3 + 5*r**2 + 3*r + 2. Let q be a(-3). What is the highest common divisor of q and z?
11
Let z(n) = -25*n + 6. Let c(s) = 9*s - 1. Let o be c(-1). Let i be z(o). Calculate the highest common factor of i and 32.
32
Suppose -113 = -5*n + 3*t, 0 + 20 = 5*t. Let v be ((-10)/3)/(2/(-6)). Calculate the highest common factor of n and v.
5
Let p = -55 - -36. Let y = p + 20. Calculate the greatest common divisor of y and 4.
1
Let l be 2/(-6) - 28/6. Let p be (l/(-2))/((-2)/(-12)). Suppose 30*a - 3*f - 168 = 26*a, 5*a - 3*f - 213 = 0. What is the highest common divisor of p and a?
15
Let g be (-2 - (-204)/9)*45/6. What is the greatest common divisor of 5 and g?
5
Suppose -3*i = 7*c - 2*c - 9, 0 = 2*c + 5*i + 4. Suppose 2*r - 41 = -5*y + 4*r, -c*y + 3*r + 30 = 0. Calculate the greatest common divisor of 7 and y.
7
Suppose -4*v + 104 = -19*s + 21*s, 2*s = 5*v + 122. What is the greatest common factor of 1148 and s?
28
Let y = 23 - 47. Suppose 4*u - 2*q + 164 = -6*q, u - 2*q + 53 = 0. Let s = y - u. Calculate the greatest common divisor of s and 3.
3
Let l be -1 - 2/(-6) - 12/(-18). Suppose 4*o + 4*m - 76 = l, 0*m + m = 4*o - 61. What is the highest common factor of o and 80?
16
Let w be (5 + 11)/(5/(-60)*-2). What is the highest common factor of 3 and w?
3
Let k = -7 + -2. Let g be 1/(3/k)*3. Let v = g + 13. What is the highest common factor of v and 28?
4
Let m(f) = 10*f + 49. Let u be m(-4). Calculate the greatest common factor of u and 27.
9
Let x(r) = 3*r + 4. Let o be 6*((-8)/12 + 1). Let l be x(o). What is the greatest common divisor of l and 30?
10
Let k = -12 - -6. Let h = 0 - k. What is the greatest common factor of 12 and h?
6
Let s be 6/(-4)*(-80)/15. Calculate the greatest common factor of 88 and s.
8
Let u(x) = -3*x + 63. Let p be u(10). Calculate the greatest common factor of p and 33.
33
Let d(k) = -14*k**3 - 3*k**2 + 5*k. Let h be d(4). Let n be (11/2)/(6/h). Let v = -550 - n. Calculate the highest common factor of v and 27.
27
Let m = 2161 - 1585. What is the highest common factor of 9 and m?
9
Suppose 0 = 4*r - 219 + 15. Let l(w) = w**2 - 24*w + 40. Let a be l(23). What is the greatest common factor of r and a?
17
Suppose 0 = -5*q - 5*z + 830, -5*z + 205 = -4*q + 905. Calculate the greatest common factor of 51 and q.
17
Let n = 112 - 190. Let d = -48 - n. Calculate the greatest common factor of 15 and d.
15
Let a = 4 - 3. Let p = a - -8. Suppose -87 - 6 = -5*z + w, -z + 21 = -w. Calculate the highest common factor of p and z.
9
Let n be (-9)/(-21)*28/4. Suppose 0 = n*s + 12, s + 56 = 2*c + 3*s. What is the highest common divisor of c and 8?
8
Let b be 6 - (-2)/(-2)*0. Suppose -30*l = -15*l - 990. Calculate the highest common factor of l and b.
6
Let q(k) = 21*k - 5. Let t be q(5). Let s(z) = z**2 + 11*z - 14. Let l be s(-12). Let x be ((-24)/60)/(l/100). What is the greatest common divisor of t and x?
20
Let y be (-32)/(-80) - 88/(-5). Calculate the greatest common factor of y and 9.
9
Let r = 540 + -499. What is the greatest common factor of 2009 and r?
41
Let o be -4 + (-45)/(-10) + (-279)/(-6). Suppose 5*b - o = 4*j - j, 39 = 4*b - j. What is the greatest common factor of b and 40?
10
Suppose -57*d + 168 = -630. Suppose 12*f - 378 = 9*f. Calculate the greatest common factor of d and f.
14
Suppose 3*h = 0, 0 = -3*i + 2*h + 399 + 420. What is the greatest common factor of 21 and i?
21
Let c = -36 - -62. Suppose -c*b + 23*b = -21. Let r = 105 + -49. What is the highest common divisor of b and r?
7
Let j = -79 - -95. Calculate the greatest common divisor of j and 1.
1
Let f(l) = -31*l + 337. Let k be f(7). Calculate the greatest common factor of 135 and k.
15
Let j = 656 + -68. What is the highest common factor of 12 and j?
12
Let z(s) = s**2 - 2*s + 56. Let c be z(0). Let y be (-74)/(-10) + (-2)/5. Calculate the highest common factor of c and y.
7
Suppose -995 = -6*h - 635. Calculate the greatest common factor of 84 and h.
12
Let m = 10 - 14. Let a = m + 19. Calculate the greatest common factor of 120 and a.
15
Suppose -i + 4*q = -77, -3*i = q - 3*q - 191. Calculate the greatest common divisor of 1 and i.
1
Let d be -1 + 4 - (-1 - -28). Let n = 41 + d. What is the greatest common factor of 85 and n?
17
Suppose -4*t = 4*b - 8, 3 + 14 = 4*b - 5*t. Let i be (1/(-4)*b)/(3/(-420)). What is the greatest common divisor of i and 30?
15
Let q(z) = z**3 + 19*z**2 - 19*z + 44. Let f be q(-20). Calculate the greatest common divisor of f and 696.
24
Suppose 0 = 4*t + 37 - 197. Suppose -3*n - 7 = 8. Let j(d) = -2*d + 6. Let m be j(n). Calculate the greatest common factor of m and t.
8
Suppose -g = -2*f - 52, -8*g - f = 2*f - 359. Calculate the greatest common divisor of 943 and g.
23
Let z(r) = r + 5. Let b be z(0). Let o = -2307 + 2312. Calculate the highest common divisor of o and b.
5
Let g = -167 + 263. What is the greatest common factor of 864 and g?
96
Suppose 3*r + r - 60 = 0. Let n = 20 + r. Suppose -3 + 4 = -2*x + 5*c, x - 13 = -2*c. What is the greatest common factor of n and x?
7
Let f(l) = 6*l - 6. Let j be f(6). Suppose 29*b + 6 = j*b. What is the highest common factor of b and 18?
6
Suppose 21*i + 1225 = 4627. What is the greatest common factor of i and 36?
18
Suppose 3*f + 31 - 217 = q, q + 5*f + 162 = 0. Let z be (-3)/(-3) - q/3. Calculate the highest common factor of z and 4.
4
Let p = 137 + -134. Calculate the greatest common factor of 5 and p.
1
Let a = 133 - 94. Let s = a + -27. Let o(j) = -5*j**3 - j**2. Let y be o(-2). What is the greatest common divisor of s and y?
12
Let f be 12/((38/133)/(1/(-7))). Let v = -23 - -52. Let p be f/24 - v/(-4). What is the greatest common factor of p and 1?
1
Let t be (-256)/144 - (-2)/(-9). Let v = 8 + t. Let l(p) = -54*p. Let c be l(-1). Calculate the highest common divisor of c and v.
6
Let c = 212 + -194. What is the highest common divisor of c and 306?
18
Let s(l) = l**2 - l - 3. Let h be s(-8). Let r = h + -47. Suppose d - 188 = -k + 11, -400 = -2*d - 4*k. What is the greatest common factor of d and r?
22
Let c(h) = h**2 + 13*h + 15. Let g be c(-11). Let p = 6 - g. Calculate the highest common divisor of 65 and p.
13
Let i = -23 + 23. Suppose -4*q - 40 = -5*d - i*q, -2*q = -5*d + 50. What is the highest common factor of d and 48?
12
Suppose -55*b + 207 = -178. Calculate the greatest common divisor of b and 1673.
7
Suppose 0 = 5*u + m - 169, -4*u - 2*m + 61 = -73. Let a be (-8)/28 - (-6)/28*u. What is the greatest common divisor of 1 and a?
1
Let q(k) = 2*k + 4. Let v be q(19). What is the highest common divisor of 18 and v?
6
Let l(c) be the second derivative of c**5/20 - 2*c**4/3 - 3*c**3/2 + 5*c**2 + 8*c. Let f be l(9). Calculate the highest common divisor of 40 and f.
10
Let k be (-1)/3 - (-192)/9. Suppose 5*c = 4*o + 39, 3*c - 4*o - k = -o. Suppose 2*t + 1 = -3, 4*t - 432 = -5*s. What is the 